{"id":35,"date":"2013-02-12T17:04:21","date_gmt":"2013-02-12T15:04:21","guid":{"rendered":"http:\/\/www.bartsch-keramik.de\/wordpress\/?page_id=35"},"modified":"2015-11-13T19:31:59","modified_gmt":"2015-11-13T17:31:59","slug":"vasen","status":"publish","type":"page","link":"https:\/\/www.bartsch-keramik.de\/?page_id=35","title":{"rendered":"Vasen"},"content":{"rendered":"<p><a href=\"https:\/\/www.bartsch-keramik.de\/wordpress\/wp-content\/uploads\/2014\/01\/IMG_1124.jpg\">\u00a0<\/a><\/p>\n<p><strong>Sie finden bei mir Vasen f\u00fcr einzelne Blumen, Arrangements und gro\u00dfe Zweige (Bodenvasen).<\/strong><\/p>\n<p><strong>Schalen und Vasen f\u00fcr die Ikebana-Kunst.\u00a0\u00a0<\/strong><\/p>\n<p>&nbsp;<\/p>\n<p>&nbsp;<\/p>\n<p><a href=\"https:\/\/www.bartsch-keramik.de\/wordpress\/wp-content\/uploads\/2014\/01\/IMG_1124.jpg\">\u00a0<\/a><a href=\"https:\/\/www.bartsch-keramik.de\/wp-content\/uploads\/2014\/01\/IMG_0391.jpg\"><img loading=\"lazy\" decoding=\"async\" class=\"alignnone wp-image-185 size-medium\" src=\"https:\/\/www.bartsch-keramik.de\/wp-content\/uploads\/2014\/01\/IMG_0391-225x300.jpg\" alt=\"IMG_0391\" width=\"225\" height=\"300\" srcset=\"https:\/\/www.bartsch-keramik.de\/wp-content\/uploads\/2014\/01\/IMG_0391-225x300.jpg 225w, https:\/\/www.bartsch-keramik.de\/wp-content\/uploads\/2014\/01\/IMG_0391-768x1024.jpg 768w\" sizes=\"auto, (max-width: 225px) 100vw, 225px\" \/><\/a> \u00a0 \u00a0 \u00a0 \u00a0 \u00a0 \u00a0 \u00a0 \u00a0 \u00a0 \u00a0 <a href=\"https:\/\/www.bartsch-keramik.de\/wp-content\/uploads\/2014\/01\/IMG_1124.jpg\"><img loading=\"lazy\" decoding=\"async\" class=\"alignnone wp-image-182 size-medium\" src=\"https:\/\/www.bartsch-keramik.de\/wp-content\/uploads\/2014\/01\/IMG_1124-300x225.jpg\" alt=\"IMG_1124\" width=\"300\" height=\"225\" srcset=\"https:\/\/www.bartsch-keramik.de\/wp-content\/uploads\/2014\/01\/IMG_1124-300x225.jpg 300w, https:\/\/www.bartsch-keramik.de\/wp-content\/uploads\/2014\/01\/IMG_1124-1024x768.jpg 1024w\" sizes=\"auto, (max-width: 300px) 100vw, 300px\" \/><\/a>\u00a0\u00a0\u00a0 \u00a0 \u00a0 \u00a0 \u00a0 \u00a0 \u00a0 \u00a0 \u00a0 <a href=\"https:\/\/www.bartsch-keramik.de\/wp-content\/uploads\/2014\/01\/497_8340.jpg\"><img loading=\"lazy\" decoding=\"async\" class=\"alignnone wp-image-189 size-medium\" src=\"https:\/\/www.bartsch-keramik.de\/wp-content\/uploads\/2014\/01\/497_8340-199x300.jpg\" alt=\"497_8340\" width=\"199\" height=\"300\" srcset=\"https:\/\/www.bartsch-keramik.de\/wp-content\/uploads\/2014\/01\/497_8340-199x300.jpg 199w, https:\/\/www.bartsch-keramik.de\/wp-content\/uploads\/2014\/01\/497_8340-681x1024.jpg 681w\" sizes=\"auto, (max-width: 199px) 100vw, 199px\" \/><\/a><a href=\"https:\/\/www.bartsch-keramik.de\/wordpress\/wp-content\/uploads\/2014\/01\/IMG_1124.jpg\">\u00a0\u00a0\u00a0\u00a0\u00a0 <\/a><a href=\"https:\/\/www.bartsch-keramik.de\/wordpress\/wp-content\/uploads\/2014\/01\/IMG_1124.jpg\"><br class=\"clear\" \/><\/a><a href=\"https:\/\/www.bartsch-keramik.de\/wordpress\/wp-content\/uploads\/2014\/01\/IMG_1124.jpg\">\u00a0\u00a0\u00a0\u00a0\u00a0\u00a0\u00a0<\/a><a href=\"https:\/\/www.bartsch-keramik.de\/wordpress\/wp-content\/uploads\/2014\/01\/IMG_1124.jpg\"> \u00a0 \u00a0\u00a0\u00a0 <\/a><\/p>\n<p>&nbsp;<\/p>\n<p>&nbsp;<\/p>\n<p><a href=\"https:\/\/www.bartsch-keramik.de\/wp-content\/uploads\/2014\/01\/IMG_11641.jpg\"><img loading=\"lazy\" decoding=\"async\" class=\"alignnone wp-image-232 size-medium\" src=\"https:\/\/www.bartsch-keramik.de\/wp-content\/uploads\/2014\/01\/IMG_11641-225x300.jpg\" alt=\"IMG_1164\" width=\"225\" height=\"300\" srcset=\"https:\/\/www.bartsch-keramik.de\/wp-content\/uploads\/2014\/01\/IMG_11641-225x300.jpg 225w, https:\/\/www.bartsch-keramik.de\/wp-content\/uploads\/2014\/01\/IMG_11641-768x1024.jpg 768w\" sizes=\"auto, (max-width: 225px) 100vw, 225px\" \/><\/a><a href=\"https:\/\/www.bartsch-keramik.de\/wordpress\/wp-content\/uploads\/2015\/01\/022_19.jpg\">\u00a0 \u00a0 \u00a0 \u00a0 \u00a0 \u00a0 \u00a0 \u00a0 \u00a0 \u00a0 \u00a0 \u00a0 \u00a0 \u00a0 \u00a0 \u00a0 \u00a0<img loading=\"lazy\" decoding=\"async\" class=\"alignnone size-medium wp-image-191\" src=\"https:\/\/www.bartsch-keramik.de\/wp-content\/uploads\/2014\/01\/DSC_4779-200x300.jpg\" alt=\"DSC_4779\" width=\"200\" height=\"300\" srcset=\"https:\/\/www.bartsch-keramik.de\/wp-content\/uploads\/2014\/01\/DSC_4779-200x300.jpg 200w, https:\/\/www.bartsch-keramik.de\/wp-content\/uploads\/2014\/01\/DSC_4779-685x1024.jpg 685w\" sizes=\"auto, (max-width: 200px) 100vw, 200px\" \/><\/a><a href=\"https:\/\/www.bartsch-keramik.de\/wordpress\/wp-content\/uploads\/2014\/01\/IMG_1221.jpg\">\u00a0 \u00a0 \u00a0 \u00a0 \u00a0 \u00a0 \u00a0 \u00a0 \u00a0 \u00a0 \u00a0 \u00a0 \u00a0 \u00a0 \u00a0 \u00a0 \u00a0 \u00a0\u00a0<\/a><a href=\"https:\/\/www.bartsch-keramik.de\/wp-content\/uploads\/2014\/01\/029_26.jpg\"><img loading=\"lazy\" decoding=\"async\" class=\"alignnone wp-image-183 size-medium\" src=\"https:\/\/www.bartsch-keramik.de\/wp-content\/uploads\/2014\/01\/029_26-200x300.jpg\" alt=\"029_26\" width=\"200\" height=\"300\" srcset=\"https:\/\/www.bartsch-keramik.de\/wp-content\/uploads\/2014\/01\/029_26-200x300.jpg 200w, https:\/\/www.bartsch-keramik.de\/wp-content\/uploads\/2014\/01\/029_26-682x1024.jpg 682w, https:\/\/www.bartsch-keramik.de\/wp-content\/uploads\/2014\/01\/029_26.jpg 1200w\" sizes=\"auto, (max-width: 200px) 100vw, 200px\" \/><\/a><a href=\"https:\/\/www.bartsch-keramik.de\/wordpress\/wp-content\/uploads\/2015\/01\/022_19.jpg\">\u00a0\u00a0\u00a0\u00a0\u00a0\u00a0\u00a0\u00a0<\/a><a href=\"https:\/\/www.bartsch-keramik.de\/wordpress\/wp-content\/uploads\/2014\/01\/IMG_1221.jpg\">\u00a0\u00a0\u00a0\u00a0\u00a0\u00a0\u00a0\u00a0\u00a0\u00a0\u00a0\u00a0\u00a0\u00a0 <\/a><\/p>\n<p>&nbsp;<\/p>\n<p>&nbsp;<\/p>\n<h3><strong>Ikebana<\/strong><\/h3>\n<p>&nbsp;<\/p>\n<p><a href=\"https:\/\/www.bartsch-keramik.de\/wp-content\/uploads\/2014\/01\/IMG_10101.jpg\"><img loading=\"lazy\" decoding=\"async\" class=\"alignnone wp-image-231 size-medium\" src=\"https:\/\/www.bartsch-keramik.de\/wp-content\/uploads\/2014\/01\/IMG_10101-225x300.jpg\" alt=\"IMG_1010\" width=\"225\" height=\"300\" srcset=\"https:\/\/www.bartsch-keramik.de\/wp-content\/uploads\/2014\/01\/IMG_10101-225x300.jpg 225w, https:\/\/www.bartsch-keramik.de\/wp-content\/uploads\/2014\/01\/IMG_10101-768x1024.jpg 768w\" sizes=\"auto, (max-width: 225px) 100vw, 225px\" \/><\/a><a href=\"https:\/\/www.bartsch-keramik.de\/wordpress\/wp-content\/uploads\/2014\/01\/497_8270.jpg\">\u00a0\u00a0\u00a0\u00a0\u00a0\u00a0\u00a0\u00a0 <\/a><a href=\"https:\/\/www.bartsch-keramik.de\/wp-content\/uploads\/2014\/01\/497_8270.jpg\"><img loading=\"lazy\" decoding=\"async\" class=\"alignnone wp-image-196 size-medium\" src=\"https:\/\/www.bartsch-keramik.de\/wp-content\/uploads\/2014\/01\/497_8270-300x214.jpg\" alt=\"497_8270\" width=\"300\" height=\"214\" srcset=\"https:\/\/www.bartsch-keramik.de\/wp-content\/uploads\/2014\/01\/497_8270-300x214.jpg 300w, https:\/\/www.bartsch-keramik.de\/wp-content\/uploads\/2014\/01\/497_8270-1024x730.jpg 1024w\" sizes=\"auto, (max-width: 300px) 100vw, 300px\" \/><\/a><a href=\"https:\/\/www.bartsch-keramik.de\/wordpress\/wp-content\/uploads\/2014\/01\/014_11.jpg\">\u00a0\u00a0\u00a0\u00a0\u00a0\u00a0\u00a0 <\/a><a href=\"https:\/\/www.bartsch-keramik.de\/wp-content\/uploads\/2014\/01\/014_11.jpg\"><img loading=\"lazy\" decoding=\"async\" class=\"alignnone wp-image-195 size-medium\" src=\"https:\/\/www.bartsch-keramik.de\/wp-content\/uploads\/2014\/01\/014_11-300x200.jpg\" alt=\"014_11\" width=\"300\" height=\"200\" srcset=\"https:\/\/www.bartsch-keramik.de\/wp-content\/uploads\/2014\/01\/014_11-300x200.jpg 300w, https:\/\/www.bartsch-keramik.de\/wp-content\/uploads\/2014\/01\/014_11-1024x682.jpg 1024w, https:\/\/www.bartsch-keramik.de\/wp-content\/uploads\/2014\/01\/014_11.jpg 1800w\" sizes=\"auto, (max-width: 300px) 100vw, 300px\" \/><\/a><\/p>\n<p><strong><br \/>\n<\/strong><\/p>\n<p>&nbsp;<\/p>\n<p><strong><br \/>\n<\/strong><\/p>\n<p>&nbsp;<\/p>\n","protected":false},"excerpt":{"rendered":"<p>\u00a0 Sie finden bei mir Vasen f\u00fcr einzelne Blumen, Arrangements und gro\u00dfe Zweige (Bodenvasen). Schalen und Vasen f\u00fcr die Ikebana-Kunst.\u00a0\u00a0 &nbsp; &nbsp; \u00a0 \u00a0 \u00a0 \u00a0 \u00a0 \u00a0 \u00a0 \u00a0 \u00a0 \u00a0 \u00a0 \u00a0\u00a0\u00a0 \u00a0 \u00a0 \u00a0 \u00a0 \u00a0 \u00a0 \u00a0 \u00a0 \u00a0\u00a0\u00a0\u00a0\u00a0 \u00a0\u00a0\u00a0\u00a0\u00a0\u00a0\u00a0 \u00a0 \u00a0\u00a0\u00a0 &nbsp; &nbsp; \u00a0 \u00a0 \u00a0 \u00a0 \u00a0 \u00a0 \u00a0 [&hellip;]<\/p>\n","protected":false},"author":2,"featured_media":0,"parent":0,"menu_order":0,"comment_status":"open","ping_status":"open","template":"","meta":{"footnotes":""},"class_list":["post-35","page","type-page","status-publish","hentry"],"_links":{"self":[{"href":"https:\/\/www.bartsch-keramik.de\/index.php?rest_route=\/wp\/v2\/pages\/35","targetHints":{"allow":["GET"]}}],"collection":[{"href":"https:\/\/www.bartsch-keramik.de\/index.php?rest_route=\/wp\/v2\/pages"}],"about":[{"href":"https:\/\/www.bartsch-keramik.de\/index.php?rest_route=\/wp\/v2\/types\/page"}],"author":[{"embeddable":true,"href":"https:\/\/www.bartsch-keramik.de\/index.php?rest_route=\/wp\/v2\/users\/2"}],"replies":[{"embeddable":true,"href":"https:\/\/www.bartsch-keramik.de\/index.php?rest_route=%2Fwp%2Fv2%2Fcomments&post=35"}],"version-history":[{"count":30,"href":"https:\/\/www.bartsch-keramik.de\/index.php?rest_route=\/wp\/v2\/pages\/35\/revisions"}],"predecessor-version":[{"id":713,"href":"https:\/\/www.bartsch-keramik.de\/index.php?rest_route=\/wp\/v2\/pages\/35\/revisions\/713"}],"wp:attachment":[{"href":"https:\/\/www.bartsch-keramik.de\/index.php?rest_route=%2Fwp%2Fv2%2Fmedia&parent=35"}],"curies":[{"name":"wp","href":"https:\/\/api.w.org\/{rel}","templated":true}]}}