{"id":38,"date":"2013-04-12T20:07:50","date_gmt":"2013-04-12T18:07:50","guid":{"rendered":"http:\/\/www.bartsch-keramik.de\/wordpress\/?page_id=38"},"modified":"2015-11-14T11:15:59","modified_gmt":"2015-11-14T09:15:59","slug":"schalen-2","status":"publish","type":"page","link":"https:\/\/www.bartsch-keramik.de\/?page_id=38","title":{"rendered":"Teller und Schalen"},"content":{"rendered":"<p><a href=\"https:\/\/www.bartsch-keramik.de\/wordpress\/wp-content\/uploads\/2014\/01\/IMG_1198.jpg\">\u00a0 \u00a0 \u00a0 \u00a0 \u00a0 \u00a0 \u00a0 <\/a><\/p>\n<h1>\u00a0\u00a0\u00a0\u00a0\u00a0\u00a0\u00a0\u00a0\u00a0\u00a0\u00a0\u00a0\u00a0\u00a0\u00a0\u00a0\u00a0\u00a0\u00a0\u00a0\u00a0\u00a0\u00a0\u00a0\u00a0\u00a0\u00a0\u00a0\u00a0\u00a0\u00a0\u00a0\u00a0\u00a0\u00a0\u00a0\u00a0\u00a0\u00a0\u00a0\u00a0\u00a0\u00a0\u00a0\u00a0 Teller und Schalen<\/h1>\n<p>&nbsp;<\/p>\n<p>&nbsp;<\/p>\n<p>&nbsp;<\/p>\n<p>&nbsp;<\/p>\n<p><a href=\"https:\/\/www.bartsch-keramik.de\/wp-content\/uploads\/2015\/07\/a8w3.jpg\"><img loading=\"lazy\" decoding=\"async\" class=\"alignnone wp-image-658 size-medium\" src=\"https:\/\/www.bartsch-keramik.de\/wp-content\/uploads\/2015\/07\/a8w3-200x300.jpg\" alt=\"\" width=\"200\" height=\"300\" srcset=\"https:\/\/www.bartsch-keramik.de\/wp-content\/uploads\/2015\/07\/a8w3-200x300.jpg 200w, https:\/\/www.bartsch-keramik.de\/wp-content\/uploads\/2015\/07\/a8w3-683x1024.jpg 683w, https:\/\/www.bartsch-keramik.de\/wp-content\/uploads\/2015\/07\/a8w3.jpg 1024w\" sizes=\"auto, (max-width: 200px) 100vw, 200px\" \/><\/a><a href=\"https:\/\/www.bartsch-keramik.de\/wordpress\/wp-content\/uploads\/2014\/01\/IMG_1198.jpg\">\u00a0 \u00a0 \u00a0 \u00a0 \u00a0 \u00a0 \u00a0 \u00a0 \u00a0 \u00a0 \u00a0 \u00a0 \u00a0 \u00a0 \u00a0 \u00a0 \u00a0 \u00a0 \u00a0 \u00a0 \u00a0 \u00a0 \u00a0 \u00a0 \u00a0 \u00a0 \u00a0 \u00a0 \u00a0 \u00a0 \u00a0 \u00a0 \u00a0 \u00a0 \u00a0 \u00a0 \u00a0 \u00a0 \u00a0 \u00a0 \u00a0 \u00a0 \u00a0 \u00a0 \u00a0 \u00a0 \u00a0<\/a><a href=\"https:\/\/www.bartsch-keramik.de\/wp-content\/uploads\/2015\/04\/IMG_1526.jpg\"><img loading=\"lazy\" decoding=\"async\" class=\"alignnone wp-image-484 size-medium\" src=\"https:\/\/www.bartsch-keramik.de\/wp-content\/uploads\/2015\/04\/IMG_1526-300x225.jpg\" alt=\"IMG_1526\" width=\"300\" height=\"225\" srcset=\"https:\/\/www.bartsch-keramik.de\/wp-content\/uploads\/2015\/04\/IMG_1526-300x225.jpg 300w, https:\/\/www.bartsch-keramik.de\/wp-content\/uploads\/2015\/04\/IMG_1526-1024x768.jpg 1024w\" sizes=\"auto, (max-width: 300px) 100vw, 300px\" \/><\/a><\/p>\n<p>&nbsp;<\/p>\n<p>&nbsp;<\/p>\n<p>&nbsp;<\/p>\n<p><a href=\"https:\/\/www.bartsch-keramik.de\/wp-content\/uploads\/2014\/01\/IMG_1093-e1447108583368.jpg\"><img loading=\"lazy\" decoding=\"async\" class=\"alignnone wp-image-161 size-medium\" src=\"https:\/\/www.bartsch-keramik.de\/wp-content\/uploads\/2014\/01\/IMG_1093-e1447108583368-225x300.jpg\" alt=\"\" width=\"225\" height=\"300\" srcset=\"https:\/\/www.bartsch-keramik.de\/wp-content\/uploads\/2014\/01\/IMG_1093-e1447108583368-225x300.jpg 225w, https:\/\/www.bartsch-keramik.de\/wp-content\/uploads\/2014\/01\/IMG_1093-e1447108583368-768x1024.jpg 768w\" sizes=\"auto, (max-width: 225px) 100vw, 225px\" \/><\/a>\u00a0 \u00a0 \u00a0 \u00a0 \u00a0 \u00a0 \u00a0 \u00a0 \u00a0\u00a0<a href=\"https:\/\/www.bartsch-keramik.de\/wp-content\/uploads\/2014\/01\/IMG_1198.jpg\"><img loading=\"lazy\" decoding=\"async\" class=\"alignnone wp-image-213 size-medium\" src=\"https:\/\/www.bartsch-keramik.de\/wp-content\/uploads\/2014\/01\/IMG_1198-300x225.jpg\" alt=\"\" width=\"300\" height=\"225\" srcset=\"https:\/\/www.bartsch-keramik.de\/wp-content\/uploads\/2014\/01\/IMG_1198-300x225.jpg 300w, https:\/\/www.bartsch-keramik.de\/wp-content\/uploads\/2014\/01\/IMG_1198-1024x768.jpg 1024w\" sizes=\"auto, (max-width: 300px) 100vw, 300px\" \/><\/a>\u00a0 \u00a0 \u00a0 \u00a0 \u00a0 \u00a0 \u00a0 \u00a0 \u00a0\u00a0<img loading=\"lazy\" decoding=\"async\" class=\"alignnone wp-image-160 size-medium\" src=\"https:\/\/www.bartsch-keramik.de\/wp-content\/uploads\/2014\/01\/IMG_0023-300x225.jpg\" alt=\"IMG_0023\" width=\"300\" height=\"225\" srcset=\"https:\/\/www.bartsch-keramik.de\/wp-content\/uploads\/2014\/01\/IMG_0023-300x225.jpg 300w, https:\/\/www.bartsch-keramik.de\/wp-content\/uploads\/2014\/01\/IMG_0023-1024x768.jpg 1024w\" sizes=\"auto, (max-width: 300px) 100vw, 300px\" \/><\/p>\n<p>&nbsp;<\/p>\n<p>&nbsp;<\/p>\n<p>&nbsp;<\/p>\n<p><img loading=\"lazy\" decoding=\"async\" class=\"alignnone wp-image-157 size-full\" src=\"https:\/\/www.bartsch-keramik.de\/wp-content\/uploads\/2014\/01\/029_26a.jpg\" alt=\"029_26a\" width=\"300\" height=\"200\" \/>\u00a0 \u00a0 \u00a0 \u00a0\u00a0<a href=\"https:\/\/www.bartsch-keramik.de\/wp-content\/uploads\/2015\/01\/IMG_0307.jpg\"><img loading=\"lazy\" decoding=\"async\" class=\"alignnone wp-image-417 size-medium\" src=\"https:\/\/www.bartsch-keramik.de\/wp-content\/uploads\/2015\/01\/IMG_0307-300x225.jpg\" alt=\"\" width=\"300\" height=\"225\" srcset=\"https:\/\/www.bartsch-keramik.de\/wp-content\/uploads\/2015\/01\/IMG_0307-300x225.jpg 300w, https:\/\/www.bartsch-keramik.de\/wp-content\/uploads\/2015\/01\/IMG_0307-1024x768.jpg 1024w\" sizes=\"auto, (max-width: 300px) 100vw, 300px\" \/><\/a>\u00a0 \u00a0 \u00a0 \u00a0\u00a0<a href=\"https:\/\/www.bartsch-keramik.de\/wp-content\/uploads\/2015\/04\/IMG_1528.jpg\"><img loading=\"lazy\" decoding=\"async\" class=\"alignnone wp-image-485 size-medium\" src=\"https:\/\/www.bartsch-keramik.de\/wp-content\/uploads\/2015\/04\/IMG_1528-300x225.jpg\" alt=\"\" width=\"300\" height=\"225\" srcset=\"https:\/\/www.bartsch-keramik.de\/wp-content\/uploads\/2015\/04\/IMG_1528-300x225.jpg 300w, https:\/\/www.bartsch-keramik.de\/wp-content\/uploads\/2015\/04\/IMG_1528-1024x768.jpg 1024w\" sizes=\"auto, (max-width: 300px) 100vw, 300px\" \/><\/a><\/p>\n<p><a href=\"https:\/\/www.bartsch-keramik.de\/wordpress\/wp-content\/uploads\/2015\/04\/IMG_1528.jpg\">\u00a0 \u00a0 <\/a><\/p>\n<p>&nbsp;<\/p>\n<p><a href=\"https:\/\/www.bartsch-keramik.de\/wordpress\/wp-content\/uploads\/2015\/04\/IMG_1528.jpg\">\u00a0 <\/a><\/p>\n<p><a href=\"https:\/\/www.bartsch-keramik.de\/wordpress\/wp-content\/uploads\/2015\/04\/IMG_1528.jpg\">\u00a0<\/a><a href=\"https:\/\/www.bartsch-keramik.de\/wp-content\/uploads\/2015\/05\/IMG_1555.jpg\"><img loading=\"lazy\" decoding=\"async\" class=\"alignnone wp-image-624 size-medium\" src=\"https:\/\/www.bartsch-keramik.de\/wp-content\/uploads\/2015\/05\/IMG_1555-300x225.jpg\" alt=\"IMG_1555\" width=\"300\" height=\"225\" srcset=\"https:\/\/www.bartsch-keramik.de\/wp-content\/uploads\/2015\/05\/IMG_1555-300x225.jpg 300w, https:\/\/www.bartsch-keramik.de\/wp-content\/uploads\/2015\/05\/IMG_1555-1024x768.jpg 1024w\" sizes=\"auto, (max-width: 300px) 100vw, 300px\" \/><\/a><a href=\"https:\/\/www.bartsch-keramik.de\/wordpress\/wp-content\/uploads\/2015\/05\/IMG_1550.jpg\">\u00a0 \u00a0 \u00a0\u00a0 \u00a0 <\/a><a href=\"https:\/\/www.bartsch-keramik.de\/wp-content\/uploads\/2015\/05\/IMG_1550.jpg\"><img loading=\"lazy\" decoding=\"async\" class=\"alignnone wp-image-622 size-medium\" src=\"https:\/\/www.bartsch-keramik.de\/wp-content\/uploads\/2015\/05\/IMG_1550-300x225.jpg\" alt=\"IMG_1550\" width=\"300\" height=\"225\" srcset=\"https:\/\/www.bartsch-keramik.de\/wp-content\/uploads\/2015\/05\/IMG_1550-300x225.jpg 300w, https:\/\/www.bartsch-keramik.de\/wp-content\/uploads\/2015\/05\/IMG_1550-1024x768.jpg 1024w\" sizes=\"auto, (max-width: 300px) 100vw, 300px\" \/><\/a><\/p>\n<p><a href=\"https:\/\/www.bartsch-keramik.de\/wordpress\/wp-content\/uploads\/2015\/04\/IMG_1526.jpg\">\u00a0\u00a0\u00a0\u00a0\u00a0\u00a0\u00a0 <\/a><\/p>\n<p>&nbsp;<\/p>\n<p><strong>Sie finden bei mir eine Vielfalt von Sch\u00fcsseln, Schalen, Tellern und Platten (auch in Porzellan). Sonderanfertigungen sind nach R\u00fccksprache m\u00f6glich.<\/strong><\/p>\n<p><strong> Auch Sushi-Geschirr kann hergestellt werden.<\/strong><\/p>\n<p>&nbsp;<\/p>\n<p>&nbsp;<\/p>\n<p>&nbsp;<\/p>\n<p>&nbsp;<\/p>\n<p>&nbsp;<\/p>\n<p>&nbsp;<\/p>\n","protected":false},"excerpt":{"rendered":"<p>\u00a0 \u00a0 \u00a0 \u00a0 \u00a0 \u00a0 \u00a0 \u00a0\u00a0\u00a0\u00a0\u00a0\u00a0\u00a0\u00a0\u00a0\u00a0\u00a0\u00a0\u00a0\u00a0\u00a0\u00a0\u00a0\u00a0\u00a0\u00a0\u00a0\u00a0\u00a0\u00a0\u00a0\u00a0\u00a0\u00a0\u00a0\u00a0\u00a0\u00a0\u00a0\u00a0\u00a0\u00a0\u00a0\u00a0\u00a0\u00a0\u00a0\u00a0\u00a0\u00a0\u00a0 Teller und Schalen &nbsp; &nbsp; &nbsp; &nbsp; \u00a0 \u00a0 \u00a0 \u00a0 \u00a0 \u00a0 \u00a0 \u00a0 \u00a0 \u00a0 \u00a0 \u00a0 \u00a0 \u00a0 \u00a0 \u00a0 \u00a0 \u00a0 \u00a0 \u00a0 \u00a0 \u00a0 \u00a0 \u00a0 \u00a0 \u00a0 \u00a0 \u00a0 \u00a0 \u00a0 \u00a0 \u00a0 \u00a0 \u00a0 \u00a0 \u00a0 \u00a0 \u00a0 \u00a0 \u00a0 [&hellip;]<\/p>\n","protected":false},"author":2,"featured_media":0,"parent":0,"menu_order":0,"comment_status":"open","ping_status":"open","template":"","meta":{"footnotes":""},"class_list":["post-38","page","type-page","status-publish","hentry"],"_links":{"self":[{"href":"https:\/\/www.bartsch-keramik.de\/index.php?rest_route=\/wp\/v2\/pages\/38","targetHints":{"allow":["GET"]}}],"collection":[{"href":"https:\/\/www.bartsch-keramik.de\/index.php?rest_route=\/wp\/v2\/pages"}],"about":[{"href":"https:\/\/www.bartsch-keramik.de\/index.php?rest_route=\/wp\/v2\/types\/page"}],"author":[{"embeddable":true,"href":"https:\/\/www.bartsch-keramik.de\/index.php?rest_route=\/wp\/v2\/users\/2"}],"replies":[{"embeddable":true,"href":"https:\/\/www.bartsch-keramik.de\/index.php?rest_route=%2Fwp%2Fv2%2Fcomments&post=38"}],"version-history":[{"count":39,"href":"https:\/\/www.bartsch-keramik.de\/index.php?rest_route=\/wp\/v2\/pages\/38\/revisions"}],"predecessor-version":[{"id":719,"href":"https:\/\/www.bartsch-keramik.de\/index.php?rest_route=\/wp\/v2\/pages\/38\/revisions\/719"}],"wp:attachment":[{"href":"https:\/\/www.bartsch-keramik.de\/index.php?rest_route=%2Fwp%2Fv2%2Fmedia&parent=38"}],"curies":[{"name":"wp","href":"https:\/\/api.w.org\/{rel}","templated":true}]}}